 6, -3*n + 13 = 2*v + 2*n. Suppose v*h - 619 = -3. Suppose -3*j - 5*r + h = 0, -2*j - 76 = -4*j + 2*r. What is the tens digit of j?
4
Let w(l) = -8*l - 1. Let o be w(-1). Let m = o - -182. Suppose -4*x = -75 - m. What is the units digit of x?
6
Suppose -89065 = -8763*b + 8758*b. What is the tens digit of b?
1
Suppose -3*x + n = -5*x + 263, -3*x + 402 = -n. Let k = x - 89. Suppose 5*v + 3*j - k = 101, 0 = -2*v + 4*j + 84. What is the tens digit of v?
3
Let s be 511 + (1/(-3))/(11/(-33)). What is the hundreds digit of s/(8/20 - (-12)/20)?
5
Let u be (-432)/(-162) + (5/(-3) - -1). Suppose -34 = -2*w - u. What is the tens digit of ((-4)/(-3))/(w/1464)?
2
Let v be 36/48 + 3754/8. Suppose 8*m + v = -90. Let z = -9 - m. What is the tens digit of z?
6
Suppose d = -2*j + 30138, j - 423*d = -428*d + 15105. What is the units digit of j?
5
Let c = 31774 + -18674. What is the units digit of c?
0
Let a be -6*(-10)/4 - -3. Let v = 19 - a. What is the tens digit of (4 - 1 - 6/v) + 138?
3
Let s be ((-6)/5)/(3/(-15)). Suppose -s*w + 13 = g - w, -2*g = 4*w - 14. Suppose 2*o = -g*o + 195. What is the units digit of o?
9
Suppose -40 = 4*f - 5*j, -j - 11 = -0*f + 3*f. Let k be 48 - 20/f - 2. Suppose c = -9*c + k. What is the units digit of c?
5
Let v be (2 + -1)/1 + (-9)/(-3). Suppose a - 203 = -v*x + 53, -2*a = 4*x - 252. Suppose 5*i = -5*w + x, 3*i - 4*w + w - 27 = 0. What is the tens digit of i?
1
Suppose 12*d + 8 = 164. Let g = 15 - 26. Let b = g + d. What is the units digit of b?
2
Let g be (27 - 24)*(1 - (-2)/2). Let k(q) = -q**2 + 7*q - 7. Let y be k(g). What is the units digit of -16 + 87 + y + 4?
4
Let s = -2055 + 1255. Let k = -142 - s. What is the units digit of k?
8
Let l be (3 - 4)*-2 + (-38)/(-1). Suppose 6*k - l = -2*k. Suppose -4*q - 773 = -k*b, -5*b + 2*q = -b - 622. What is the units digit of b?
7
Let y = 29958 - 13837. What is the thousands digit of y?
6
Suppose -18*j - 12 = -20*j. Suppose 10 = -3*t + k, 4*k - k = 5*t + 10. What is the tens digit of (-1032)/t + -1 + j/10?
0
Suppose 7*c - 20 = 3*c. Suppose -5*j = -10 - c. Suppose 5*g + 5*w - 105 = 0, 5*g - w - j*w - 141 = 0. What is the units digit of g?
5
Let o = -9 + 11. Suppose 0 = -3*k + o*n - 591, -2*k + 600 = -5*k + 5*n. What is the hundreds digit of 3/((-297)/k + (-6)/4)?
1
Let p(q) = -q**3 + q**2 + q - 49. Let z = -21 + 21. Let i be p(z). What is the units digit of (-9)/(27/6)*i?
8
Let v(u) = -7*u - 40. Let d be v(-6). Suppose -2*m - 4*w + 2092 = 0, -m + 0*w = -d*w - 1042. What is the thousands digit of m?
1
Suppose 3*m - 6 = -2*y, -5 = -5*m - 2*y + 5. Let d(r) = -13*r - 3 - 2*r - m*r. What is the units digit of d(-4)?
5
What is the hundreds digit of ((-43736)/(-16))/((-7)/(-14))?
4
Suppose -i = -2*y - 6*i - 7, 0 = -5*y - 3*i + 11. Suppose 1 = -h - 4, 0 = -y*b - 2*h + 2086. What is the units digit of b?
4
Let u = 68 - 129. Let l = u - -89. What is the units digit of l/(-21) + 2 + (-289)/(-3)?
7
Let w(d) = 33 - 9 + 8*d**2 + 8377*d - 8380*d. What is the hundreds digit of w(7)?
3
Let u(p) = 1010*p**2 + 8*p - 8. Let l be u(1). Suppose -202 = -m - 2*j, -69*m + 3*j = -74*m + l. What is the units digit of m?
2
Let m be 2/((-2)/4 - -1). Suppose 0*o + m*o = -2*d - 20, 0 = 5*o + 4*d + 22. Let l = 21 - o. What is the tens digit of l?
2
Let f(z) = 14303*z**2 - 26*z - 22. What is the ten thousands digit of f(-1)?
1
Let n = -28 - -21. Let j(d) = d**3 + 8*d**2 - 14*d - 8. Let m be j(n). Suppose -3*r - m = -379. What is the units digit of r?
0
Let s(w) = 5*w**3 - 48*w**2 + 116*w + 215. What is the hundreds digit of s(28)?
5
Suppose 68*t = 58*t + 50. What is the tens digit of (4 + t)*(364/(-3))/(-2)?
4
Let u(h) = h + 15*h**2 - 13 + 32*h**2 + h - 8*h. What is the units digit of u(3)?
2
Let f(q) be the first derivative of -20 - q + 0*q**2 + 146/3*q**3. What is the hundreds digit of f(-1)?
1
Suppose 12 + 28 = -20*m. What is the thousands digit of m - 13/((-91)/7714)?
1
Let x = 123 + -136. What is the units digit of 647 + -1 + (-13)/(x/4)?
0
Let l(x) be the second derivative of 0 + 2*x**3 - 25/2*x**2 - 3*x. What is the units digit of l(8)?
1
Suppose -7*f + 5*f + 6 = 0. What is the tens digit of (-339)/(-12)*(f + 9)?
3
Let d(q) = -q**2 - 4*q + 7. Let b be d(-4). Suppose 988 = b*m - 4*m + 5*u, -1668 = -5*m - 3*u. Suppose -736 = -8*t + m. What is the tens digit of t?
3
Suppose -12*v + 100462 = -31082. What is the ten thousands digit of v?
1
Suppose -p + 891 = -1151. What is the tens digit of p?
4
Let r be 4/(2 + -3 - -2). Let p be -1*(r/(-2) - 0). Suppose 7*d - 2*d = p*a - 135, 5*d = 5. What is the units digit of a?
0
What is the units digit of 788/(-1)*-6*(-18)/(-144)?
1
Let j(z) = 3696*z - 214. What is the tens digit of j(2)?
7
Let j(d) = 47*d - 13. Let q(a) = 46*a - 15. Let s(u) = 3*j(u) - 4*q(u). What is the units digit of s(-7)?
2
Suppose -d + 7*f = -7899, d + 5*f - 23671 = -2*d. What is the hundreds digit of d?
8
Suppose 3*i = 8 - 35. Let p be (9/4)/((27/(-12))/i). Suppose -100 = -p*z + 170. What is the units digit of z?
0
Let v = -22 - -17. Let b(i) = 52*i + 34. Let t be b(v). Let j = -107 - t. What is the units digit of j?
9
Let q = 38 + -33. Suppose 0 = -2*y + 9 - q. Suppose 4*t + y*r - 304 = 0, 3*t = 2*t - r + 78. What is the tens digit of t?
7
Let d(t) = -t + 1. Let x(b) = 6*b**2 + 8*b - 10. Let z(s) = -5*d(s) + x(s). What is the tens digit of z(5)?
0
What is the ten thousands digit of ((-4126)/8 + 0)/((-796)/(-160) - 5)?
2
Suppose 65 = 52*u - 91*u + 52*u. Let r(b) be the first derivative of b**4/4 - 2*b**3/3 - 3*b**2/2 + 8*b - 1. What is the tens digit of r(u)?
6
Suppose 4*a + 4*f = 278208, f + 560773 = 5*a + 213007. What is the ten thousands digit of a?
6
What is the hundreds digit of (-3)/(-12) - (4023/(-4) - 0)?
0
Let s(r) = 1214*r - 3333. What is the thousands digit of s(11)?
0
Let v = 975 - 393. Let k = 1208 - v. What is the units digit of k?
6
What is the hundreds digit of (443*(56/21)/(-8))/(4/(-372))?
7
Let i(a) = -41*a**2 - 5*a - 22. Let l(s) = -40*s**2 - 5*s - 27. Let g(b) = -5*i(b) + 4*l(b). What is the units digit of g(2)?
2
Let i be -1 + 9/3 + 18. Suppose -25*n = -3*n + n. Suppose b - 168 + i = n. What is the units digit of b?
8
Let f be (-19*16 + -2)*26/(-6). Suppose f = 4*s - 182. What is the units digit of s?
7
Let j be 40/(-18) + 0 - (-44)/198. Let b be (1*j)/((-4648)/777 + 6). Let r = b - -219. What is the units digit of r?
8
Let w(d) = 42*d + 5. Let t be w(-2). Let i = 79 + t. Suppose 3*f - 663 = 5*y - 6*y, i = -y. What is the tens digit of f?
2
Suppose 7*m = 9 - 2. Suppose -m + 6 = o. Suppose -y - 3 = 0, -51 = 3*l - o*y - 321. What is the units digit of l?
5
Suppose 3*f + 58509 = 148548. What is the units digit of f?
3
Let h = 135 + -110. Suppose 0 = -j - 3*y + 31, 6 = -4*y + 22. Suppose h*s - 714 = j*s. What is the units digit of s?
9
Let m = 227 + -215. Let a(c) = 30*c - 65. What is the units digit of a(m)?
5
What is the hundreds digit of 3/((-12)/335140 - 0)*(-2)/5?
5
Let u(j) = -10*j**3 + 8*j**2 + 9*j - 4. Let q be u(-2). What is the tens digit of 2*9/q + (-1578)/(-10)?
5
Let o(z) = 2*z + 4. Let p be o(-14). Let g = -24 - p. Suppose 0 = -g*k - 2*k + 166. What is the units digit of k?
3
Suppose -53 + 63 = c. Let r(s) = 8*s**2 + 14*s + 3. Let m be r(c). Suppose m = -11*w + 2736. What is the hundreds digit of w?
1
What is the thousands digit of ((-20)/16 - 18/(-8))/(8/213608)?
6
Let t = 301 - -517. Let v = t + -390. What is the units digit of v?
8
Let j(g) = -49*g + 43. Let h be 38/57*66/(-4). What is the hundreds digit of j(h)?
5
Let l = -12700 - -15268. What is the hundreds digit of l?
5
Let h be (9 - 6)*(-30)/(-18). Suppose 0*w - 3*w + h*v = -1867, -v = -4. What is the units digit of w?
9
Let h(a) = 4*a + 38. Let s be h(-5). Suppose -3*c = 15*c + s. Let x(j) = -129*j - 2. What is the units digit of x(c)?
7
Suppose 2631*w = 2485*w + 7352560. What is the thousands digit of w?
0
Let p = 15563 - 3597. What is the units digit of p?
6
Let n(r) = -r + 29. Let l(o) = -o**3 + 6*o**2 - 3*o + 9. Let p be l(7). Let b = -53 - p. What is the tens digit of n(b)?
2
Let u = 747 - 365. Let t = 774 - u. What is the tens digit of t?
9
Suppose -282 = -3*b - u, 3*u + 208 = 3*b - 74. Suppose -6*p - b = -1192. What is the units digit of p?
3
Suppose f - 4*w = -89, -7 + 4 = 3*w. Let p = f - -655. 